hat is the greatest common factor of j and w?
17
Suppose -10*p - 496 = 204. Let y be 5*(p/25)/(-7). Suppose -5*k - 36 = -2*x - 0*x, -3*x + 20 = k. Calculate the greatest common factor of y and x.
2
Let y be (-10)/35 - (-494)/14. What is the highest common divisor of 140 and y?
35
Let k = 4 - -35. Let m be (12*2/16)/((-7)/(-14)). What is the highest common factor of k and m?
3
Let g be (-12 + (-1105)/(-52))*12. Calculate the greatest common factor of g and 3108.
111
Suppose f = -4*x + 135, 2*f + 4*x + 0*x = 270. Let w = -64 + 39. Let z = -10 - w. Calculate the greatest common factor of f and z.
15
Let z be 9/9*(-784)/(-4). What is the greatest common divisor of 49 and z?
49
Let z be (-2 - 36/1)*(-9)/6. Calculate the greatest common divisor of z and 1349.
19
Suppose -7 = -4*w + 3*w. Suppose w*s = -s + 72. Calculate the highest common divisor of s and 117.
9
Suppose -2*d - 5*i + 86 = -0*d, -i - 129 = -3*d. Let m = -21 + d. Suppose -329*o + 4928 = -301*o. Calculate the highest common factor of o and m.
22
Suppose 4390 = 5*m - 4*x, 4*x - 2199 = -5*m + 2231. What is the greatest common divisor of m and 18?
18
Let z be 138/(-21) + 6 - 918/(-14). What is the greatest common divisor of z and 39?
13
Let t(y) = y**2 - 4*y - 19. Let b be t(-4). Let a = 175 + -84. What is the highest common factor of a and b?
13
Suppose -9 + 45 = 3*f. Let i = 18 + -58. Let t = i - -70. Calculate the highest common divisor of f and t.
6
Let b(m) be the first derivative of -m**4/4 - 5*m**3/3 - 5*m**2 - 10*m - 10. Let h be b(-4). Calculate the highest common divisor of 14 and h.
14
Let h be 1132 - (-3 - -8 - 12). Calculate the greatest common factor of h and 67.
67
Suppose 2*v - 96 = -0. Suppose 24*l = 28*l - v. Calculate the highest common divisor of 16 and l.
4
Let m(z) = z**2 + 29*z + 149. Let g be m(-27). Let a = 85 - 47. What is the greatest common divisor of a and g?
19
Let u(l) = -l**2 - 4*l + 8. Let n = 7 - 12. Let a be u(n). Let j be 9*4 - 0/a. Calculate the greatest common divisor of 9 and j.
9
Let o(j) = -2*j + 39. Let v be o(-24). Let w = v + -19. Calculate the highest common divisor of w and 17.
17
Let r = -630 - -814. What is the greatest common divisor of r and 2?
2
Suppose 0 = 4*d + 4*c - 64, -60*d + 55*d + 2*c + 108 = 0. Let y(z) = -z**3 + 8*z**2 - 3*z - 4. Let l be y(6). Calculate the highest common factor of d and l.
10
Suppose -s - 1 = 5*f, 3*f = 4*s - 10 - 9. Suppose 37 = 4*r - s*a - 31, -r + 19 = -3*a. What is the highest common factor of r and 4?
4
Let b(g) = 2*g**2 - 20*g - 56. Let x be b(13). What is the highest common divisor of 187 and x?
11
Suppose 11609 = 48*r + 3353. What is the highest common factor of 215 and r?
43
Let v(h) = 378*h + 781. Let m be v(-2). Let s be (4 + -1)*4/6. Suppose k - 9 + s = 2*b, -10 = -k + 5*b. Calculate the greatest common factor of k and m.
5
Suppose 7 = v - 3*o + 4, 3*v + o = 9. What is the highest common factor of v and 48?
3
Let h be (-60)/(-9) - 2/3. Let j = h + 2. What is the greatest common divisor of 72 and j?
8
Let g(a) be the first derivative of -8 + 32/3*a**3 - a**2 - 4*a. Let n be g(2). What is the highest common divisor of n and 15?
15
Let k be ((-2)/4)/(2*(-15)/120). Calculate the highest common factor of k and 142.
2
Suppose 0 = 4*k - 69 + 17. What is the greatest common divisor of k and 403?
13
Let j = 76 - 26. Suppose 0 = 5*c + 5*i - 105, 2*c - 4*i - 4 = j. Calculate the greatest common factor of 253 and c.
23
Let p = 81 + -77. Suppose -p*g = 3*n + 25 - 922, -222 = -g - 3*n. What is the greatest common divisor of g and 9?
9
Let j(u) = -3*u**2 - 2*u + 2. Let m be j(1). Let v(p) = -2*p**3 - 2*p**2 + 4*p + 2. Let g be v(m). What is the highest common factor of g and 39?
13
Suppose -4*f + 48 = 2*f. Suppose -3 = i, -4*x - 3*i = 20 + 13. Let w be 8/x*(-3)/2. Calculate the highest common divisor of f and w.
2
Suppose 138*j - 494 = 125*j. What is the greatest common divisor of j and 1178?
38
Let f(k) = 3*k + 43. Let s be f(-21). Let w = s - -35. What is the greatest common divisor of w and 75?
15
Let l(z) = -z + 31. Let o(r) = -r**3 + 5*r**2 + 2*r - 5. Let a be o(5). Let n be l(a). What is the highest common factor of n and 39?
13
Let v = 144 + -69. What is the greatest common factor of v and 30?
15
Let s(a) = -a**2 - 9*a + 3. Suppose -6*o = -5*o. Suppose -21 = 3*g - o. Let k be s(g). Calculate the highest common factor of 85 and k.
17
Let d be 1/((-33)/(-6) + -5). Let r be d/3 - (-248)/6. What is the highest common factor of 21 and r?
21
Suppose -200 - 232 = -16*u. What is the highest common factor of u and 1755?
27
Let u(v) = -5*v + 5. Let n be u(-3). Suppose 0 = 2*t - 8 - n. Calculate the greatest common factor of t and 14.
14
Suppose -4*g + 3*g + 336 = 0. Suppose -4*t - 140 = -g. Suppose -2*x + t = -2*b + 7*b, -5*b + 39 = -3*x. Calculate the greatest common divisor of b and 63.
9
Let w be ((-1)/2)/(3/(-150)). Suppose -12*k = -13*k - 84. Let h = k - -89. What is the highest common factor of h and w?
5
Suppose 26*c + 22 = 126. Calculate the greatest common factor of 20 and c.
4
Let w(i) be the second derivative of -i**3/3 - 6*i**2 - 19*i. Let k be w(-8). Suppose -q = 3*q - 32. Calculate the highest common divisor of q and k.
4
Let f = -793 - -1078. What is the highest common factor of 60 and f?
15
Suppose -204*k - 784 = -212*k. Let x(y) = 4*y**3 - 2*y**2 + y + 2. Let g be x(2). Calculate the greatest common divisor of k and g.
14
Let n = 1002 + -924. Calculate the greatest common divisor of 663 and n.
39
Let y be (-8)/10*(2 + -22). What is the highest common factor of y and 44?
4
Let b = 156 - 108. Suppose -b = 4*z - 6*z. Calculate the greatest common factor of 6 and z.
6
Let d(l) = 4 - 7 + 3 + 24*l. Let r be d(1). Let w be ((-4)/8 + 1)*r. What is the greatest common divisor of w and 4?
4
Let v = 2793 + -1833. Calculate the greatest common divisor of v and 60.
60
Suppose -7*i + 1997 + 1594 = 0. Suppose -i = 2*v - 5*v. Let b(r) = 4*r - 5. Let x be b(6). Calculate the highest common divisor of x and v.
19
Let n be 0/(4 + 0) - -10. Let m(g) = g + 14. Let t be m(-15). Let v be t + 2/(8/284). What is the greatest common divisor of n and v?
10
Let q(f) = f + 3. Let i be q(-1). Let g be -2 - (i + -6 - 2). Suppose -3*j + 212 = 5*x, g*j = 3*j - 4*x + 66. What is the highest common factor of j and 111?
37
Let h = 209 + -164. Calculate the greatest common divisor of 36 and h.
9
Suppose -8*g + 286 = -50. Calculate the greatest common divisor of 714 and g.
42
Suppose d - 17 = -4*z, -z + 2*z + 22 = 5*d. Let j be (-1)/(-6) - (-269)/6. Calculate the highest common factor of j and d.
5
Let d be (5 + 0)/(1/5)*3. What is the greatest common divisor of d and 125?
25
Suppose 0 = 3*t - 5*b - 26, b = t - 0*t - 6. Calculate the highest common factor of 33 and t.
1
Let x be (-3)/((6/(-40))/1). Let o be (-81)/(-15) - (-2)/(-5). Suppose y - 881 = -4*h, -1 = -o*y + 4. What is the highest common divisor of x and h?
20
Let b be (38/(-7))/((-16)/56). What is the highest common factor of 133 and b?
19
Let w(v) = v**2 + 7*v - 4. Let h be w(-8). Suppose 0*z - 3*t = 2*z - 61, h*z - 98 = 2*t. What is the greatest common divisor of z and 39?
13
Let i = -288 + 66. Let q be i/(-27) + (-2)/9. Calculate the greatest common divisor of 4 and q.
4
Let w = -895 - -1236. Calculate the highest common divisor of 11 and w.
11
Let k(d) = -2*d**2 - d - 9. Suppose -2*a - 3 = -15. Let u be k(a). Let t be (-1 - u) + (9 - 7). Calculate the greatest common factor of t and 11.
11
Let p be 23/3 + 2/(-3). Suppose -v = -8 + 5. Suppose 4*n - 2*n + 13 = j, -24 = -v*j + n. What is the highest common factor of p and j?
7
Let h be (-3)/(1/((-4)/6)). Suppose 2*d + 4*c - 74 = 0, -h*c + 74 = 3*d - 29. Suppose -v = 2*v - d. Calculate the greatest common factor of 22 and v.
11
Suppose 5*w - 310 = 2*s - 107, 0 = 5*w - s - 199. Suppose -33*d = -w*d + 108. Calculate the highest common divisor of 12 and d.
6
Suppose 1680 = 3*o + 17*o. What is the greatest common factor of o and 48?
12
Suppose 37*i + 521 = 29344. Calculate the highest common factor of 19 and i.
19
Let i(y) = y**3 + 37*y**2 - 35*y + 198. Let f be i(-38). Calculate the highest common factor of 1722 and f.
42
Suppose -12*b - 36 = -13*b + 4*r, -5*r = 3*b - 57. Let f = 44 + -32. What is the greatest common divisor of